{"id":497,"date":"2019-10-01T11:24:26","date_gmt":"2019-10-01T09:24:26","guid":{"rendered":"https:\/\/capovilla.org\/?page_id=497"},"modified":"2020-12-01T00:02:49","modified_gmt":"2020-11-30T23:02:49","slug":"le-patrimoine-industriel-de-lagroalimentaire-1998","status":"publish","type":"page","link":"https:\/\/capovilla.org\/index.php\/le-patrimoine-industriel-de-lagroalimentaire-1998\/","title":{"rendered":"Le patrimoine industriel de l&rsquo;agroalimentaire &#8211; 1998"},"content":{"rendered":"\n<p><strong>Les Gr\u00e8s, village Dor\u00e9-Dor\u00e9<\/strong><\/p>\n\n\n\n<p>La dynastie Dor\u00e9 a tr\u00e8s largement contribu\u00e9 \u00e0 l\u2019essor de Fontaine-les-Gr\u00e8s, particuli\u00e8rement \u00e0 l\u2019\u00e9poque d\u2019Andr\u00e9 Dor\u00e9. Fils de Philippe Gustave Saint-Ange Dor\u00e9 <sup><a href=\"#footnote_0_497\" id=\"identifier_0_497\" class=\"footnote-link footnote-identifier-link\" title=\"Andr&eacute; Dor&eacute; appartient au groupe des &laquo;&nbsp;trois Andr&eacute;&nbsp;&raquo;, entrepreneurs textiles phares de l&rsquo;entre-deux-guerres, avec les Troyens Andr&eacute; Marot et Andr&eacute; Gillier. Andr&eacute; Marot fait de la Teinturerie Cl&eacute;ment Marot l&rsquo;une des plus grandes teintureries europ&eacute;ennes. Andr&eacute; Gillier, &agrave; l&rsquo;inverse d&rsquo;Andr&eacute; Dor&eacute;, fabrique en usine, notamment le polo Lacoste. Dans les ann&eacute;es 1930, son site industriel textile des Gayettes est le plus vaste d&rsquo;Europe. Pour en savoir plus, voir Jean-Louis HUMBERT, &laquo;&nbsp;Gillier Andr&eacute;&nbsp;&raquo;, &laquo;&nbsp;Marot Andr&eacute;&nbsp;&raquo;, Anne Durantel, Catherine Robinet, Jean-Louis Humbert, Emmanuel Saint-Mars, dir., Dictionnaire des c&eacute;l&eacute;brit&eacute;s auboises, Troyes, &Eacute;ditions de La Maison du Boulanger, 2016, p. 159-160, 238-239.\">[1]<\/a><\/sup> et de Marthe Marie Coutin, Andr\u00e9 Laurent Joseph Dor\u00e9, na\u00eet le 27 janvier 1887 \u00e0 Fontaine-les-Gr\u00e8s, hameau des Gr\u00e8s (Aube) et meurt le 10 mars 1964 \u00e0 Paris (Seine)<a href=\"#_edn1\">[i]<\/a>.<\/p>\n\n\n\n<p>Comme l\u2019\u00e9crit le quotidien <em>La Tribune de l\u2019Aube<\/em> le 1<sup>er<\/sup> ao\u00fbt 1930, le village est alors \u00ab\u00a0 immortalis\u00e9 par le monogramme DD\u00a0\u00bb, par la qualit\u00e9 de la production de l\u2019entreprise Dor\u00e9-Dor\u00e9 et par une politique patronale tr\u00e8s ambitieuse. Sociale, hygi\u00e9niste et culturelle, elle tend \u00e0 faire progresser moralement le monde ouvrier en lui imposant l\u2019\u00e9pargne, la temp\u00e9rance, la scolarisation&#8230; tout en favorisant l\u2019existence et le d\u00e9veloppement\u00a0 de l\u2019entreprise. \u00c9voquant Les Gr\u00e8s au d\u00e9but des ann\u00e9es 1930, Andr\u00e9 Dor\u00e9 parle de \u00ab\u00a0village adapt\u00e9\u00a0\u00bb&#8230; \u00e0 la vie de cette derni\u00e8re. \u00ab\u00a0L\u00e0 se r\u00e9alise le r\u00eave supr\u00eame du paternalisme\u00a0: le temps de travail comme le temps libre sont r\u00e9gl\u00e9s par l\u2019entreprise <sup><a href=\"#footnote_1_497\" id=\"identifier_1_497\" class=\"footnote-link footnote-identifier-link\" title=\"Gracia DOREL-FERR&Eacute;, Le patrimoine industriel dans tous ses &eacute;tats. Un hommage &agrave; Louis Bergeron, Chamb&eacute;ry, Universit&eacute; de Savoie-Mont Blanc, 2019, p. 17.\">[2]<\/a><\/sup>\u00bb.<\/p>\n\n\n\n<p><strong>Un \u00ab&nbsp;paradis social&nbsp;\u00bb<\/strong><\/p>\n\n\n\n<p>Le <em>M\u00e9morial<\/em> offert \u00e0 Andr\u00e9 Dor\u00e9 en 1948, \u00e0 l\u2019occasion du quarantenaire de sa direction de l\u2019entreprise, t\u00e9moigne de sa consid\u00e9rable \u0153uvre sociale aux Gr\u00e8s &#8211; en juin 1931, <em>La Tribune de l\u2019Aube<\/em> parle \u00ab\u00a0d\u2019un village coquet, v\u00e9ritable paradis social\u00a0\u00bb, comme il t\u00e9moigne d\u2019un paternalisme <sup><a href=\"#footnote_2_497\" id=\"identifier_2_497\" class=\"footnote-link footnote-identifier-link\" title=\"Le paternalisme industriel se fait fort de faire aussi bien, voire mieux, que l&rsquo;&Eacute;tat en palliant ses carences en termes de logement, d&rsquo;&eacute;ducation et de sant&eacute;. Il esp&egrave;re ainsi &eacute;viter la contagion r&eacute;volutionnaire et limiter l&rsquo;intervention de l&rsquo;&Eacute;tat dans la vie des entreprises.\">[3]<\/a><\/sup> ambiant tr\u00e8s pr\u00e9gnant. <\/p>\n\n\n\n<hr class=\"wp-block-separator\"\/>\n<ol class=\"footnotes\"><li id=\"footnote_0_497\" class=\"footnote\">Andr\u00e9 Dor\u00e9 appartient au groupe des \u00ab\u00a0trois Andr\u00e9\u00a0\u00bb, entrepreneurs textiles phares de l\u2019entre-deux-guerres, avec les Troyens Andr\u00e9 Marot et Andr\u00e9 Gillier. Andr\u00e9 Marot fait de la Teinturerie Cl\u00e9ment Marot l\u2019une des plus grandes teintureries europ\u00e9ennes. Andr\u00e9 Gillier, \u00e0 l\u2019inverse d\u2019Andr\u00e9 Dor\u00e9, fabrique en usine, notamment le polo Lacoste. Dans les ann\u00e9es 1930, son site industriel textile des Gayettes est le plus vaste d\u2019Europe. Pour en savoir plus, voir Jean-Louis HUMBERT, \u00ab\u00a0Gillier Andr\u00e9\u00a0\u00bb, \u00ab\u00a0Marot Andr\u00e9\u00a0\u00bb, Anne Durantel, Catherine Robinet, Jean-Louis Humbert, Emmanuel Saint-Mars, dir., <em>Dictionnaire des c\u00e9l\u00e9brit\u00e9s auboises<\/em>, Troyes, \u00c9ditions de La Maison du Boulanger, 2016, p. 159-160, 238-239.<span class=\"footnote-back-link-wrapper\">[<a href=\"#identifier_0_497\" class=\"footnote-link footnote-back-link\">&#8617;<\/a>]<\/span><\/li><li id=\"footnote_1_497\" class=\"footnote\">Gracia DOREL-FERR\u00c9, <em>Le patrimoine industriel dans tous ses \u00e9tats. Un hommage \u00e0 Louis Bergeron<\/em>, Chamb\u00e9ry, Universit\u00e9 de Savoie-Mont Blanc, 2019, p. 17.<span class=\"footnote-back-link-wrapper\">[<a href=\"#identifier_1_497\" class=\"footnote-link footnote-back-link\">&#8617;<\/a>]<\/span><\/li><li id=\"footnote_2_497\" class=\"footnote\">Le paternalisme industriel se fait fort de faire aussi bien, voire mieux, que l\u2019\u00c9tat en palliant ses carences en termes de logement, d\u2019\u00e9ducation et de sant\u00e9. Il esp\u00e8re ainsi \u00e9viter la contagion r\u00e9volutionnaire et limiter l\u2019intervention de l\u2019\u00c9tat dans la vie des entreprises.<span class=\"footnote-back-link-wrapper\">[<a href=\"#identifier_2_497\" class=\"footnote-link footnote-back-link\">&#8617;<\/a>]<\/span><\/li><\/ol>","protected":false},"excerpt":{"rendered":"<p>Les Gr\u00e8s, village Dor\u00e9-Dor\u00e9 La dynastie Dor\u00e9 a tr\u00e8s largement contribu\u00e9 \u00e0 l\u2019essor de Fontaine-les-Gr\u00e8s, particuli\u00e8rement \u00e0 l\u2019\u00e9poque d\u2019Andr\u00e9 Dor\u00e9. Fils de Philippe Gustave Saint-Ange Dor\u00e9 [1] et de Marthe Marie Coutin, Andr\u00e9 Laurent&#46;&#46;&#46;<\/p>\n","protected":false},"author":1,"featured_media":0,"parent":0,"menu_order":16,"comment_status":"closed","ping_status":"closed","template":"","meta":{"_exactmetrics_skip_tracking":false,"_exactmetrics_sitenote_active":false,"_exactmetrics_sitenote_note":"","_exactmetrics_sitenote_category":0,"footnotes":""},"_links":{"self":[{"href":"https:\/\/capovilla.org\/index.php\/wp-json\/wp\/v2\/pages\/497"}],"collection":[{"href":"https:\/\/capovilla.org\/index.php\/wp-json\/wp\/v2\/pages"}],"about":[{"href":"https:\/\/capovilla.org\/index.php\/wp-json\/wp\/v2\/types\/page"}],"author":[{"embeddable":true,"href":"https:\/\/capovilla.org\/index.php\/wp-json\/wp\/v2\/users\/1"}],"replies":[{"embeddable":true,"href":"https:\/\/capovilla.org\/index.php\/wp-json\/wp\/v2\/comments?post=497"}],"version-history":[{"count":4,"href":"https:\/\/capovilla.org\/index.php\/wp-json\/wp\/v2\/pages\/497\/revisions"}],"predecessor-version":[{"id":858,"href":"https:\/\/capovilla.org\/index.php\/wp-json\/wp\/v2\/pages\/497\/revisions\/858"}],"wp:attachment":[{"href":"https:\/\/capovilla.org\/index.php\/wp-json\/wp\/v2\/media?parent=497"}],"curies":[{"name":"wp","href":"https:\/\/api.w.org\/{rel}","templated":true}]}}