{"id":171,"date":"2019-07-23T13:24:09","date_gmt":"2019-07-23T11:24:09","guid":{"rendered":"http:\/\/capovilla.org\/?page_id=171"},"modified":"2020-08-12T17:40:14","modified_gmt":"2020-08-12T15:40:14","slug":"compte-rendu-des-ag","status":"publish","type":"page","link":"https:\/\/capovilla.org\/index.php\/lassociation\/compte-rendu-des-ag\/","title":{"rendered":"Compte rendu des AG"},"content":{"rendered":"\n<p>Les fichiers \u00e0 t\u00e9l\u00e9charger au format .pdf.<\/p>\n\n\n\n<p>2019 Assembl\u00e9e g\u00e9n\u00e9rale de l&rsquo;APIC du 24 mai 2019.<br><a href=\"https:\/\/capovilla.org\/wp-content\/uploads\/2020\/01\/CR_AG_2019-.pdf\" target=\"_blank\" rel=\"noreferrer noopener\" aria-label=\"T\u00e9l\u00e9charger le compte-rendu (s\u2019ouvre dans un nouvel onglet)\">T\u00e9l\u00e9charger le compte-rendu<\/a> (format PDF)<\/p>\n\n\n\n<p><a href=\"http:\/\/capovilla.org\/wp-content\/uploads\/2019\/07\/2018.pdf\">2018<\/a><\/p>\n\n\n\n<p><a href=\"http:\/\/www.patrimoineindustriel-apic.com\/apic\/ag\/2017.pdf\">2017<\/a><\/p>\n\n\n\n<p><a href=\"http:\/\/www.patrimoineindustriel-apic.com\/apic\/ag\/2016.pdf\">2016<\/a><\/p>\n\n\n\n<p><a href=\"http:\/\/www.patrimoineindustriel-apic.com\/apic\/ag\/2015.pdf\">2015<\/a><\/p>\n\n\n\n<p><a href=\"http:\/\/www.patrimoineindustriel-apic.com\/apic\/ag\/2013.pdf\">2013<\/a><\/p>\n\n\n\n<p><a href=\"http:\/\/www.patrimoineindustriel-apic.com\/apic\/ag\/2012.pdf\">2012<\/a><\/p>\n\n\n\n<p><a href=\"http:\/\/www.patrimoineindustriel-apic.com\/apic\/ag\/2011.pdf\">2011<\/a><\/p>\n\n\n\n<p><a href=\"http:\/\/www.patrimoineindustriel-apic.com\/apic\/ag\/2010.pdf\">2010<\/a><\/p>\n\n\n\n<p><a href=\"http:\/\/www.patrimoineindustriel-apic.com\/apic\/ag\/2008.pdf\">2008<\/a><\/p>\n\n\n\n<p><a href=\"http:\/\/www.patrimoineindustriel-apic.com\/apic\/ag\/2007.pdf\">2007<\/a><\/p>\n\n\n\n<p><a href=\"http:\/\/www.patrimoineindustriel-apic.com\/apic\/ag\/2006.pdf\">2006<\/a><\/p>\n\n\n\n<p id=\"2005\"><a href=\"http:\/\/capovilla.org\/wp-content\/uploads\/2019\/07\/2005.pdf\">2005<\/a><\/p>\n\n\n\n<p><a href=\"http:\/\/capovilla.org\/wp-content\/uploads\/2019\/07\/2003-2004.pdf\">2003 &#8211; 2004<\/a><\/p>\n","protected":false},"excerpt":{"rendered":"<p>Les fichiers \u00e0 t\u00e9l\u00e9charger au format .pdf. 2019 Assembl\u00e9e g\u00e9n\u00e9rale de l&rsquo;APIC du 24 mai 2019.T\u00e9l\u00e9charger le compte-rendu (format PDF) 2018 2017 2016 2015 2013 2012 2011 2010 2008 2007 2006 2005 2003 &#8211;&#46;&#46;&#46;<\/p>\n","protected":false},"author":1,"featured_media":0,"parent":34,"menu_order":5,"comment_status":"closed","ping_status":"closed","template":"","meta":{"_exactmetrics_skip_tracking":false,"_exactmetrics_sitenote_active":false,"_exactmetrics_sitenote_note":"","_exactmetrics_sitenote_category":0,"footnotes":""},"_links":{"self":[{"href":"https:\/\/capovilla.org\/index.php\/wp-json\/wp\/v2\/pages\/171"}],"collection":[{"href":"https:\/\/capovilla.org\/index.php\/wp-json\/wp\/v2\/pages"}],"about":[{"href":"https:\/\/capovilla.org\/index.php\/wp-json\/wp\/v2\/types\/page"}],"author":[{"embeddable":true,"href":"https:\/\/capovilla.org\/index.php\/wp-json\/wp\/v2\/users\/1"}],"replies":[{"embeddable":true,"href":"https:\/\/capovilla.org\/index.php\/wp-json\/wp\/v2\/comments?post=171"}],"version-history":[{"count":9,"href":"https:\/\/capovilla.org\/index.php\/wp-json\/wp\/v2\/pages\/171\/revisions"}],"predecessor-version":[{"id":811,"href":"https:\/\/capovilla.org\/index.php\/wp-json\/wp\/v2\/pages\/171\/revisions\/811"}],"up":[{"embeddable":true,"href":"https:\/\/capovilla.org\/index.php\/wp-json\/wp\/v2\/pages\/34"}],"wp:attachment":[{"href":"https:\/\/capovilla.org\/index.php\/wp-json\/wp\/v2\/media?parent=171"}],"curies":[{"name":"wp","href":"https:\/\/api.w.org\/{rel}","templated":true}]}}

<p>Les fichiers à télécharger au format .pdf.</p>



<p>2019 Assemblée générale de l&rsquo;APIC du 24 mai 2019.<br><a href="https://capovilla.org/wp-content/uploads/2020/01/CR_AG_2019-.pdf" target="_blank" rel="noreferrer noopener" aria-label="Télécharger le compte-rendu (s’ouvre dans un nouvel onglet)">Télécharger le compte-rendu</a> (format PDF)</p>



<p><a href="http://capovilla.org/wp-content/uploads/2019/07/2018.pdf">2018</a></p>



<p><a href="http://www.patrimoineindustriel-apic.com/apic/ag/2017.pdf">2017</a></p>



<p><a href="http://www.patrimoineindustriel-apic.com/apic/ag/2016.pdf">2016</a></p>



<p><a href="http://www.patrimoineindustriel-apic.com/apic/ag/2015.pdf">2015</a></p>



<p><a href="http://www.patrimoineindustriel-apic.com/apic/ag/2013.pdf">2013</a></p>



<p><a href="http://www.patrimoineindustriel-apic.com/apic/ag/2012.pdf">2012</a></p>



<p><a href="http://www.patrimoineindustriel-apic.com/apic/ag/2011.pdf">2011</a></p>



<p><a href="http://www.patrimoineindustriel-apic.com/apic/ag/2010.pdf">2010</a></p>



<p><a href="http://www.patrimoineindustriel-apic.com/apic/ag/2008.pdf">2008</a></p>



<p><a href="http://www.patrimoineindustriel-apic.com/apic/ag/2007.pdf">2007</a></p>



<p><a href="http://www.patrimoineindustriel-apic.com/apic/ag/2006.pdf">2006</a></p>



<p id="2005"><a href="http://capovilla.org/wp-content/uploads/2019/07/2005.pdf">2005</a></p>



<p><a href="http://capovilla.org/wp-content/uploads/2019/07/2003-2004.pdf">2003 &#8211; 2004</a></p>

<p>Les fichiers à télécharger au format .pdf. 2019 Assemblée générale de l&rsquo;APIC du 24 mai 2019.Télécharger le compte-rendu (format PDF) 2018 2017 2016 2015 2013 2012 2011 2010 2008 2007 2006 2005 2003 &#8211;&#46;&#46;&#46;</p>
